Suppose c - 104 = 3*y, 4*c - 9*c + 540 = -j*y. List the prime factors of c.
2, 5, 11
Suppose 5*s - 159960 = -2*g, 635*g - 159985 = -5*s + 638*g. What are the prime factors of s?
2, 17, 941
Let f(l) = -9*l + 31. Let z be f(5). Let w be z/35 + (-2)/(-5). Suppose w = -13*a + 12*a + 83. List the prime factors of a.
83
Let k(o) = -71*o**3 + o**2 + o - 4. Let d be k(2). Let h = d + 1064. What are the prime factors of h?
2, 3, 83
List the prime factors of 11/(-132) + 1177236/432.
5, 109
Let x(r) = 58*r**3 + r**2 - 66*r + 472. What are the prime factors of x(7)?
3, 739
Suppose -3*j - 4*o = -39 - 68, 5*j = -5*o + 175. Suppose 0 = -5*n - j - 2. Let p(f) = -f**3 - 8*f**2 - 6*f + 11. What are the prime factors of p(n)?
2
Let z(c) = 2*c - 13. Let n be z(9). Suppose n*l - 39 = 2*l. Suppose 12*v = l*v - 43. What are the prime factors of v?
43
Suppose 18*t = 219181 + 709871. List the prime factors of t.
2, 131, 197
Let t be 0/(8/12*(2 + -5)). Let f(d) = d**2 + d + 1009. What are the prime factors of f(t)?
1009
Suppose -d - 30 = -6*d. Let b(k) be the third derivative of -k**4/8 + 7*k**3/2 - 213*k**2. What are the prime factors of b(d)?
3
Let y = -46909 + 49137. What are the prime factors of y?
2, 557
Suppose 0 = -91*o + 90*o - 4*x + 19666, -4*x + 78700 = 4*o. List the prime factors of o.
2, 9839
Suppose -1967 - 83 = 10*g. Let p = g - -488. List the prime factors of p.
283
Let l(i) = -11*i. Let b be l(-2). Let u be b/(-10) - (-3)/15. List the prime factors of u*(-1)/((-3)/(-6)).
2
Suppose -8*q - 14 = -14. Suppose q = 6*y - y + 4*s - 987, -y + s = -201. What are the prime factors of y?
199
Let g = 444 + -434. Suppose -g*f + 3771 = -f. What are the prime factors of f?
419
Let q(s) = 0*s - 11 + 16*s - 7*s**2 + 5*s**2 + s**2. Let f be q(15). Suppose -f*a + 27 + 322 = x, -4*x = -20. What are the prime factors of a?
2, 43
List the prime factors of ((-643)/1)/(39/(-741)).
19, 643
Let q = -808 + 883. Suppose 78*y - q*y - 1359 = 0. List the prime factors of y.
3, 151
Suppose 8*v - 44*v + 0*v = -1626840. List the prime factors of v.
2, 5, 4519
What are the prime factors of (1719861/330 + (-3)/15)*2?
7, 1489
Suppose 3*x - 711 = q, x + 4*q - 3*q - 237 = 0. Let h = -114 + x. What are the prime factors of h?
3, 41
Suppose 3*v - 2*i - 29315 = 0, 34*v + 4*i + 9775 = 35*v. List the prime factors of v.
3, 3257
Let n = -412 - -417. Let u(a) = 8*a**2 + 10*a + 20. What are the prime factors of u(n)?
2, 3, 5
Let r = -29 + 45. Suppose -2*m - r = -64. List the prime factors of (-416)/(-6) - 8/m.
3, 23
List the prime factors of (2411/5)/(-6*6/(-180)).
2411
Suppose 5*z + 15 = 0, -222780 = -3*c + 18*z - 21*z. What are the prime factors of c?
7, 103
Suppose 43*n - 9041002 = -153*n - 118*n. What are the prime factors of n?
28793
Let j(c) = -933*c - 1268. List the prime factors of j(-16).
2, 5, 683
Let s(q) be the first derivative of 3*q**4 + 8*q**3/3 - 5*q**2/2 - 4*q + 65. What are the prime factors of s(4)?
2, 109
Let j = 8 - 15. Let r be j/(-28) - 22/(-8). Suppose 0 = r*a + 4*a - 518. What are the prime factors of a?
2, 37
Let f = -207 - -525. Let j(d) = -11*d**2 - 9*d + 4. Let b be j(-5). Let h = f + b. What are the prime factors of h?
2, 23
Let l be (-40)/(-22) + 6/33. Let x be (l - 1/3)*3. List the prime factors of ((-2 - 2) + x)*53.
53
Suppose 0 = -11*w + 8*w + 6. Suppose -w*b - 1292 = -3*d, b + 2175 = 4*d + 459. Suppose 0*o + d = 4*o. What are the prime factors of o?
107
Let g = -987 + 987. What are the prime factors of 6934/6 - (7/(-21) + g)?
2, 17
What are the prime factors of (-27)/(324/(-66544)) + 3/(-9)?
5, 1109
Let b be (-2)/5 + (-297)/(-55). Suppose -3*m = u - m + 2, -5*m - b = 5*u. Suppose u = -5*z - c + 503, z - 2*c - 97 = -4*c. List the prime factors of z.
101
Let c(r) be the third derivative of -43*r**4/24 - 29*r**3/2 - 17*r**2. List the prime factors of c(-14).
5, 103
Let p(x) = 92*x + 574. Let f be p(-6). Let z(c) = 5*c**3 - c**2. Let q be z(1). Suppose 0 = q*d - 5*d + f. List the prime factors of d.
2, 11
Suppose -4*a = 20, -3*l = 5*a - 7045 - 1192. Suppose 10*t + l = t. Let m = t + 599. What are the prime factors of m?
293
What are the prime factors of (4/24*3089)/(21/126)?
3089
Let j = 6628 + 2827. What are the prime factors of j?
5, 31, 61
Let g(p) = 6*p**2 + 4*p + 2. Let f be g(-1). What are the prime factors of 470*(f - 24/30)?
2, 47
Let b(z) = -z + 28. Let v be b(-8). What are the prime factors of (v/(-10))/(867/290 + -3)?
2, 3, 29
Let a = 13374 + -2819. List the prime factors of a.
5, 2111
List the prime factors of ((-54835)/66)/1*-6.
5, 997
Let l = 76 - 9. Let o = 71 - l. Suppose -3*c - y = -c - 44, -y = -o*c + 82. What are the prime factors of c?
3, 7
Let t = -3326 + 11765. List the prime factors of t.
3, 29, 97
Let b(t) = 35*t**2 - 41*t - 266. What are the prime factors of b(-12)?
2, 2633
Let v = 18 - 17. Let c be v - (6/21 - (-27)/(-21)). Suppose 5*z - 412 = -2*y - c*y, 3*y = -5*z + 309. What are the prime factors of y?
103
Suppose 0 = -5*h - d + 163559, 15*h = 20*h - 3*d - 163583. What are the prime factors of h?
32713
Let a = 10035 + -6369. Let w = a - 2523. List the prime factors of w.
3, 127
Let g(a) = -a**3 - 6*a**2 - 6*a - 2. Let u be g(-5). Let d be (-1)/3 - (62/u + 0). Let x = d - -27. What are the prime factors of x?
2, 3
Let d be 2 + (1 + 6 - 1/1). What are the prime factors of 5362/d - ((-117)/(-36) - 3)?
2, 5, 67
Let s = -2627 + 4061. Let y = s + -810. What are the prime factors of y?
2, 3, 13
Let y(c) = -421*c**3 + 3*c**2 + c. Let t be y(-1). Suppose -8*s - 151 = -t. What are the prime factors of s?
2, 17
Let v(z) = z. Let a(b) = 3*b - 2. Let q(d) = a(d) + 4*v(d). Let i(g) = -g**2 - 14*g + 4. Let s(o) = -4*i(o) - 9*q(o). What are the prime factors of s(2)?
2
Suppose -147 = -u - y - 37, 8 = 4*y. Suppose 0 = -4*t + 8, 2*t = 2*z - 378 - u. What are the prime factors of z?
5, 7
Let m(o) = o**3 + 116*o**2 - 876*o - 119. What are the prime factors of m(-123)?
2, 863
Suppose 2*s = 10*s - 32. Suppose 2*l - 3*l - a = -448, s*l - 1767 = a. What are the prime factors of l?
443
Let f = 14736 + 17004. What are the prime factors of f?
2, 3, 5, 23
Let s(z) = -15*z + 7*z**2 - 3*z**2 - 34 - 8. Suppose 0 = -79*n + 85*n + 36. List the prime factors of s(n).
2, 3
Suppose 0 = -4*z - 44 + 148. Suppose -z*m + 15*m = -6259. What are the prime factors of m?
569
Suppose -3*z = -15 - 36. Let m(g) = -z - 223*g + 466*g - 226*g. What are the prime factors of m(13)?
2, 3, 17
Let u = -2543 - -3565. Let t = u - 56. What are the prime factors of t?
2, 3, 7, 23
Suppose 317*u + 1515189 = 9710907. List the prime factors of u.
2, 3, 31, 139
Suppose 3*w + 18 = -q + 5, -2*q - w = 51. List the prime factors of 1587 - q/4*(-6)/(-21).
7, 227
Let c be ((-8)/(-16))/(1/2). What are the prime factors of (-1)/((c - 5)/24)?
2, 3
Let s = -174 - -358. Let g = 1153 - s. List the prime factors of g.
3, 17, 19
Suppose 22*o + 12 = 18*o, 3*t + 4*o - 15543 = 0. List the prime factors of t.
5, 17, 61
Suppose 5490*u = 5472*u + 173538. What are the prime factors of u?
31, 311
List the prime factors of 67207/9 - 35/(6300/80).
3, 19, 131
List the prime factors of ((30/(-21))/1)/((-8)/36316).
5, 1297
Let h be 0 - (2 + -2 - (2 + 0)). Let q be 15 + (-6)/h + 6/2. Let n = q - -21. What are the prime factors of n?
2, 3
Let y = 74023 + -31993. What are the prime factors of y?
2, 3, 5, 467
Let l be -2*2/(-8)*278. Suppose 4*f + 27 - 39 = 0. Suppose f*v - l - 116 = 0. List the prime factors of v.
5, 17
Let k = 379 - 374. Suppose 3*s + k*t - 713 = 408, 25 = -5*t. What are the prime factors of s?
2, 191
Suppose 6*t - 76 = 8. Let r be 5*(164/30)/(t/21). Let c = 82 + r. What are the prime factors of c?
3, 41
Let l = 3 - 0. Suppose 0 = -2*q + l*q - 43. Let v = -20 + q. What are the prime factors of v?
23
Let c(y) = 20*y + 7537. List the prime factors of c(0).
7537
Suppose 48*q - 228151 = 363755 + 341886. List the prime factors of q.
2, 71, 137
Let a be (-3)/(8/((-32)/6)). Let j be (72/(-16))/(374/(-184) + a). Let u = j - 28. What are the prime factors of u?
2, 5, 11
Let w(l) = -247*l**3 - 23*l**2 - 72*l + 35. What are the prime factors of w(-4)?
11, 1433
Let l(x) = 3*x**2 - 6*x + 931. Let g be l(0). Suppose 5*j - 4531 - g = -d, 9 = -3*d. What are the prime factors of j?
1093
Let r(h) = -20*h**2 - 13*h + 3. Let z be 